*w + 1687. Determine h(6).
-59
Let q(g) = -966*g - 56013. Give q(-58).
15
Let y(p) = 2*p**3 - p**2 - 10*p + 27. Calculate y(5).
202
Let o(x) = -3*x**2 - 61*x + 548. Give o(7).
-26
Let s(l) = -6*l**2 + 42*l + 1965. What is s(22)?
-15
Let u(j) = -2*j**2 + 19*j + 360. What is u(19)?
-1
Let s(x) = x**3 + 17*x**2 - 34*x - 10. Calculate s(-18).
278
Let m(o) = -65*o - 1663. Calculate m(-26).
27
Let f(g) = 3*g**2 + 55*g + 13. What is f(-5)?
-187
Let u(b) = -b**3 + 15*b**2 - b + 10. Determine u(15).
-5
Let n(v) = 5*v**2 - 101*v - 26. Determine n(21).
58
Let x(n) = 2*n**2 - 19*n - 35. Calculate x(12).
25
Let c(d) = d**2 + 31*d + 234. Calculate c(-20).
14
Let f(v) = 270*v + 2957. What is f(-11)?
-13
Let k(u) = -72*u - 905. Give k(-12).
-41
Let j(f) = 13*f - 5. Calculate j(-10).
-135
Let z(f) = 341*f - 31038. Calculate z(91).
-7
Let j(v) = 23*v**2 - 849*v - 31. Calculate j(37).
43
Let i(b) = -156*b**2 + 80*b + 84. Give i(-1).
-152
Let h(a) = 4*a**3 + a**2 + 10*a + 1. What is h(-4)?
-279
Let o(t) = 15*t**3 - 27*t**2 + 42*t - 15. Calculate o(1).
15
Let t(l) = 96*l + 857. Give t(-9).
-7
Let z(r) = -r**2 + 115*r + 841. Give z(-7).
-13
Let j(h) = 4*h**2 - 55*h + 3. What is j(13)?
-36
Let i(u) = 64*u**3 - 3*u**2 - 10*u - 9. What is i(-1)?
-66
Let x(y) = -13*y + 152. What is x(12)?
-4
Let l(n) = -607*n + 588. Give l(1).
-19
Let v(j) = -519*j - 70583. Give v(-136).
1
Let o(q) = q**3 + q**2 - q - 136. Give o(0).
-136
Let t(z) = z + 24. Determine t(-32).
-8
Let g(j) = j**3 + 14*j**2 - 6*j + 153. Determine g(-15).
18
Let r(o) = 43*o + 1570. What is r(-36)?
22
Let r(x) = x**3 + 38*x**2 + 3*x + 46. Give r(-38).
-68
Let i(h) = -78*h - 301. What is i(-4)?
11
Let m(l) = -l**3 - 5*l**2 + 16*l + 30. Calculate m(-3).
-36
Let h(g) = 134*g - 3337. What is h(25)?
13
Let z(q) = -2*q**2 + 59*q - 415. What is z(18)?
-1
Let v(o) = -o**3 + 16*o**2 - 55*o + 25. Calculate v(12).
-59
Let a(b) = b**3 + 10*b**2 + 463*b + 5887. Calculate a(-12).
43
Let b(r) = 2*r**3 - 3*r**2 - 46*r + 79. Determine b(2).
-9
Let k(n) = -4*n**2 + 4*n + 52. What is k(-12)?
-572
Let x(k) = -3*k**2 - 145*k + 96. Determine x(-49).
-2
Let v(x) = -2*x**2 - 43*x - 134. Give v(-18).
-8
Let f(q) = -111*q + 931. Calculate f(8).
43
Let u(r) = -6*r**2 + 148*r + 25. Give u(25).
-25
Let v(f) = -12*f - 132. Calculate v(-3).
-96
Let m(w) = -3*w**3 + w**2 - 79*w + 79. Calculate m(1).
-2
Let s(y) = -y**3 + 45*y**2 - 77*y + 92. What is s(43)?
479
Let n(q) = q**2 - 11*q - 24. Calculate n(-5).
56
Let u(x) = 92*x - 10313. Calculate u(112).
-9
Let p(w) = w**3 + 70*w**2 - 887*w + 324. Give p(-81).
0
Let q(r) = -144*r + 851. Give q(6).
-13
Let f(u) = -u**3 + 10*u**2 - 65*u + 314. What is f(7)?
6
Let b(u) = -106*u + 1899. Determine b(17).
97
Let j(i) = -5*i**3 - 1672*i**2 + 2692*i + 1319. Determine j(-336).
-25
Let v(h) = -75*h + 25. Determine v(2).
-125
Let r(l) = -2*l**3 - 95*l**2 - 35*l + 560. Give r(-47).
-4
Let q(r) = 90*r - 907. Determine q(10).
-7
Let c(x) = x**2 + 40*x - 577. Give c(-51).
-16
Let i(w) = 5*w**2 - 5*w - 84. Calculate i(-4).
16
Let d(h) = 160*h - 9446. Determine d(59).
-6
Let h(g) = -g**3 - 6*g**2 - 2*g + 49. Determine h(-5).
34
Let o(q) = -q**3 + 2*q**2 - 179*q + 2596. What is o(10)?
6
Let a(t) = -t**3 + 59*t**2 - 225*t + 271. Determine a(55).
-4
Let c(b) = 260*b - 12933. What is c(50)?
67
Let l(b) = -2*b**2 - 545*b - 2146. What is l(-4)?
2
Let p(t) = 33*t - 137. Give p(7).
94
Let m(n) = 12*n**2 - 73*n + 113. Give m(11).
762
Let a(u) = 207*u**2 + 1655*u + 15. Give a(-8).
23
Let i(p) = -43*p + 380. Calculate i(12).
-136
Let g(m) = -m**2 - 35*m + 169. What is g(-39)?
13
Let n(v) = 9*v**2 + 21*v - 14. Give n(4).
214
Let l(s) = -s**3 - 10*s**2 - 44*s - 67. Calculate l(-4).
13
Let a(v) = v**3 - 10*v**2 + 19*v + 25. Determine a(5).
-5
Let t(j) = -3*j**2 + 29*j + 94. Calculate t(-3).
-20
Let a(d) = d**2 + 40*d - 287. Calculate a(-47).
42
Let h(b) = 4*b**2 - 6*b - 885. Calculate h(-14).
-17
Let b(i) = 7*i**3 - 17*i**2 - i + 1. What is b(2)?
-13
Let s(y) = y**2 + 79*y - 745. What is s(-87)?
-49
Let q(r) = r**3 - 11*r**2 - 125*r + 88. Determine q(19).
601
Let v(w) = -46*w**2 - 30*w + 56. Give v(2).
-188
Let b(w) = -w**2 + 3*w + 19. What is b(17)?
-219
Let i(x) = -26*x + 1435. Determine i(56).
-21
Let k(o) = o**3 + 40*o - 314. What is k(6)?
142
Let o(j) = 79*j - 1977. What is o(25)?
-2
Let c(t) = t**3 - 68*t**2 - 143*t + 364. Give c(70).
154
Let y(k) = 71*k - 158. Give y(2).
-16
Let h(c) = 3*c**3 - 16*c**2 - 36*c + 7. Determine h(7).
0
Let n(c) = -2*c**2 + 17*c + 8. Determine n(9).
-1
Let v(u) = 175*u - 33419. Determine v(191).
6
Let z(q) = -79*q - 1272. What is z(-16)?
-8
Let k(b) = -b**2 - 1101*b + 4421. Determine k(4).
1
Let p(g) = g**2 - 84*g + 212. Determine p(78).
-256
Let z(b) = -b**3 - 9*b**2 + 80*b - 44. What is z(-15)?
106
Let a(q) = 17*q - 820. Calculate a(49).
13
Let w(i) = i**3 + 94*i**2 - 706*i + 114. Determine w(-101).
13
Let x(j) = 186*j - 2410. What is x(13)?
8
Let n(p) = -3*p**2 + 181*p + 77. What is n(61)?
-45
Let a(v) = 2*v**3 + 500*v**2 - 3073*v - 274. Calculate a(-256).
-18
Let d(t) = 111*t + 1139. What is d(-10)?
29
Let s(g) = -2*g**2 - 593*g - 4049. Calculate s(-7).
4
Let r(m) = m**3 - 12*m**2 + 47*m - 90. Give r(11).
306
Let i(l) = -58*l**2 + 1326*l + 179. Calculate i(23).
-5
Let v(r) = -8*r**2 + 572*r - 269. Determine v(71).
15
Let x(r) = 24*r**2 + 32*r + 55. What is x(-2)?
87
Let k(a) = -4*a**2 - 11*a + 35. What is k(3)?
-34
Let g(t) = -t**3 + 27*t**2 - 33*t + 35. What is g(26)?
-147
Let l(h) = h**2 + 414*h + 2047. Give l(-5).
2
Let i(t) = t**2 - 396*t - 8763. Determine i(-21).
-6
Let m(k) = -k**3 + 9*k**2 + 20*k - 187. What is m(9)?
-7
Let u(m) = -m**3 - 35*m**2 - 60*m - 105. What is u(-33)?
-303
Let w(l) = 2*l**2 - 20*l + 18. Give w(10).
18
Let d(k) = -338*k**2 + 3384*k - 31. Determine d(10).
9
Let a(o) = o**2 - 15*o + 33. Calculate a(11).
-11
Let f(p) = 98*p + 12. Calculate f(1).
110
Let m(v) = 26*v + 146. Give m(-6).
-10
Let r(j) = -3*j**2 + 162*j + 1075. Determine r(-6).
-5
Let j(y) = 3*y**2 + 105*y + 790. Determine j(-11).
-2
Let f(t) = -6*t**2 + 35*t + 78. What is f(-2)?
-16
Let i(h) = -22*h + 278. Determine i(15).
-52
Let n(f) = -f**2 + 194*f - 9055. Give n(78).
-7
Let u(c) = -631*c + 32165. Determine u(51).
-16
Let v(n) = -n**2 + 13*n + 168. Give v(21).
0
Let w(l) = 3*l**3 - 22*l**2 + 16*l + 17. Give w(6).
-31
Let a(v) = 5310*v + 26548. Determine a(-5).
-2
Let j(m) = -m**3 + 46*m**2 - m + 15. Give j(46).
-31
Let q(t) = 4*t**2 - 45*t - 479. Determine q(18).
7
Let h(g) = 12*g**3 + 69*g**2 - 108*g - 5. Give h(-7).
16
Let s(j) = -j**2 - 17*j + 432. Give s(-31).
-2
Let w(c) = c**3 - 16*c**2 + 3*c + 193. Calculate w(15).
13
Let h(i) = -i**3 - 43*i**2 + 87*i - 53. Give h(-45).
82
Let p(a) = a**3 + 54*a**2 + 195*a - 102. Calculate p(-50).
148
Let q(j) = j**3 + 45*j**2 + 492*j - 164. What is q(-20)?
-4
Let a(k) = k**3 - 6*k**2 - 12*k - 9. Determine a(9).
126
Let x(n) = 4*n**2 - 187*n - 449. Give x(49).
-8
Let y(i) = -i**2 - 52*i + 253. Determine y(-57).
-32
Let i(o) = -5*o**2 + 90*o + 8. What is i(18)?
8
Let m(h) = h**2 - 17*h - 262. Give m(-10).
8
Let h(c) = c**3 - 46*c**2 + 41*c + 47. Give h(45).
-133
Let p(x) = -x**3 + 36*x**2 - 72*x - 13. Give p(34).
-149
Let q(s) = s**3 - 22*s**2 - 23*s - 12. What is q(23)?
-12
Let k(a) = -17*a**2 + 12*a + 40. Calculate k(-3).
-149
Let o(m) = 2*m**2 + 42*m + 204. What is o(-14)?
8
Let x(q) = q**3 - 31*q**2 + 19*q + 237. Give x(30).
-93
Let c(f) = 15*f**2 + 24*f - 42. Give c(2).
66
Let l(p) = -p**3 + p**2 + 90*p - 171. Give l(2).
5
Let l(r) = 2*r**3 - 23*r**2 - 7*r - 85. Determine l(13).
331
Let u(r) = -r**2 - 50*r + 1680. Calculate u(22).
96
Let a(w) = 80*w + 597. What is a(-7)?
37
Let y(t) = -2*t**3 + 38*t - 40. Calculate y(1).
-4
Let t(r) = -2*r**3 + 33*r**2 + 495*r - 23. Calculate t(26).
3
Let b(d) = 23*d + 104. Determine b(4).
196
Let q(x) = -25*x - 53. What is q(-6)?
97
Let z(t) = 14*t**3 - 47*t**2 + 47*t - 1. What is z(1)?
13
Let a(u) = 127*u + 5843. What is a(-44)?
255
Let b(k) = -189*k + 1730. What is b(9)?
29
Let r(t) = -2*t**3 - 13*t**2 - 44*t - 254. Give r(-6).
-26
Let t(m) = m**3 - 17*m**2 - 61*m - 2. What is t(-3)?
1
Let i(t) = 2627*t + 21061. What is i(-8)?
45
Let k(q) = q**3 - 41*q**2 + 180*q - 6. Determine k(36).
-6
Let u(f) = -f**2 - 